1. Let z be 0 - 7*(-3)/((-21)/j). Let w(c) = c**2 + c. Determine w(z).
2
Let i(o) be the third derivative of -5*o**4/24 - o**3/3 - 104*o**2 + 1. What is i(-6)?
28
Let h(t) be the first derivative of t**2/2 - 6*t + 9. What is h(7)?
1
Let f = -6 + 0. Let p be -4*(-4)/(-48) - 26/f. Let h(k) = -k**3 + 5*k**2 - 3*k. Give h(p).
4
Let z be (4/7)/((-222)/(-42) - 5). Suppose -2*v = z*v + 28. Let c(i) = 3*i + 2. Give c(v).
-19
Let u = 18 - 6. Let b(m) = 7*m + m**2 + u - 6 - 7. Let l be (-1 - 7)*6/8. Calculate b(l).
-7
Let m(y) be the first derivative of -y**2 + 3*y + 46. Determine m(2).
-1
Let w(u) = u**3 - 8*u**2 + 8*u - 1. Suppose 0 = 2*q - 6 - 0. Let m = 10 - q. What is w(m)?
6
Let x = -11 + 13. Suppose -3*v = x*v - 15. Let h(j) = -2*j + 3. Determine h(v).
-3
Let f(n) = -n**2 + 2*n + 5. Let m(q) = q**3 + 1. Let b be m(0). Let r be (-16)/(-3 - b) + 4. Let k be (-2)/r + (-170)/(-40). Give f(k).
-3
Let k(a) = -2*a + 1. Let s(d) = -12. Let q(f) = k(f) - s(f). Give q(8).
-3
Suppose -3*c = 4*u, 0*c = 3*u + 4*c. Let m(n) = u - n**2 - 2 + 24*n - 9*n - 19*n. Give m(-4).
-2
Let i = 19 - 14. Suppose t = -a - 4*a + 29, -i*a + 28 = 2*t. Let m = a - 5. Let z(p) = -4*p + 1. What is z(m)?
-3
Let l(t) = -4*t + 1. Let z be 4/10 + 12*6/(-30). What is l(z)?
9
Suppose -3 - 3 = -2*m + f, -f = 3*m - 19. Let v(o) = 23 - 26 + 20*o - 19*o. What is v(m)?
2
Suppose 3*q = 15, -3*t - 1 = 4*q - 21. Let m(v) = -129*v - 23. Let c(s) = -161*s - 24. Let d(k) = 4*c(k) - 5*m(k). Determine d(t).
19
Let x(s) = s**2 - s. Let u(l) = -4*l**2 + 8. Let w(n) = u(n) + 3*x(n). Let q(m) be the first derivative of w(m). Determine q(-5).
7
Let m(d) = -4*d + 11*d - 2*d - 2*d. Let r = -45 + 47. Give m(r).
6
Let u(a) = -4*a + 25. Suppose -766*z + 777*z = 88. Give u(z).
-7
Let t(b) = -2*b**3 + 2*b + 1. Let i be -9 + 8 - 14/2. Let f(l) = l**2 + 8*l + 5. Let a be f(i). Suppose 0*w - 5 = a*w. Calculate t(w).
1
Let q(l) = l**3 + 4*l**2 - 5*l + 2. Let a = -151 - -146. Calculate q(a).
2
Suppose 4*b = -b + 10. Let m(v) = 1 - 2 + 2 - b*v. Let q = 9579 - 9574. What is m(q)?
-9
Let s(u) = 3 + 3*u - u**3 - 1 + 24*u**2 - 3 + 22*u. Let h be s(25). Let l(z) = -2*z**3 - z**2 - z. What is l(h)?
2
Let w(p) = 20867 + 13*p - 20867. Give w(-1).
-13
Let i be (5/(-10))/(1/(-58)). Let j = i + -34. Let t(c) = c**2 + 3*c - 4. Calculate t(j).
6
Suppose -5*h + 31 = 3*u, 2*u - 8*h = -7*h + 12. Let k(a) = a + 29. Let z(b) = -6. Let y(w) = 2*k(w) + 11*z(w). What is y(u)?
6
Let b(q) = -q**3 + 16*q**2 - 28*q - 9. Let t(a) = 3*a - 61. Let f be t(25). What is b(f)?
-9
Let n(m) = 7 - 3*m + 0 + 4 + 0 + m. What is n(-5)?
21
Let r(a) be the third derivative of a**6/24 + a**5/60 + a**4/24 + a**3/6 + 2*a**2 + 64. Calculate r(-1).
-4
Let b(a) = -a**2 - 5*a + 6. Let m be b(-6). Let h(x) = -23 + x - 3 - 2 + 23. Calculate h(m).
-5
Let o(y) = y**2 - 7*y + 5. Suppose 0 - 15 = -3*c. Let n be (-5*3)/c + 10. Give o(n).
5
Let i(b) be the third derivative of -5*b**4/24 + 31*b**3/6 + 116*b**2 - 2. Give i(6).
1
Let w(m) be the third derivative of 0*m**3 + 1/24*m**4 + 0 + 0*m - 4*m**2. Let h be (1 - -2 - -7)/(-2). Calculate w(h).
-5
Let w(h) = 4*h**3 + 2*h**2 + 3*h + 6. Let o(d) be the first derivative of d**4/4 + d**3/3 + d + 10. Let b(n) = 5*o(n) - w(n). Determine b(-4).
-5
Suppose 5*l + d + 14 = -14, 0 = -2*l - 5*d - 25. Let j(y) = y + 7. Calculate j(l).
2
Suppose 4*f - 3*t = 13 - 14, 0 = -3*f + 5*t + 2. Let o(m) = -4*m**2 + 2*m. Give o(f).
-6
Let g(h) = 8*h**2 - 5*h + 1. Let o(p) = -p**2 + p. Let x(a) = g(a) + 5*o(a). Suppose 57*w = -551 + 608. Determine x(w).
4
Let k(w) = -6*w**2 + w + 3. Let g = -55 - -58. Let f(y) = 7*y**2 - y - 4. Let u(o) = g*f(o) + 4*k(o). Calculate u(-1).
-4
Let h(f) = -f**3 + 6*f**2 - 1. Suppose -7 = -2*s + 3, 4*u = -s + 29. Calculate h(u).
-1
Let w(t) = -2*t - 2. Let r be w(1). Let m(h) = 8*h**3 + 15*h**2 - 15*h - 17. Let j(a) = 3*a**3 + 5*a**2 - 5*a - 6. Let x(i) = r*m(i) + 11*j(i). Calculate x(4).
6
Let t(y) = -y**3 + 10*y**2 - 2*y + 12. Let q be ((-1 - -4) + (0 - 7))/2. Let r be 165/20 + 2 + q/8. Give t(r).
-8
Suppose -l + 7*l = 36. Let s(m) = 6 - m + 7 - 7 + l. What is s(6)?
6
Suppose -8*j = 225 - 161. Let f(o) = -o**3 - 9*o**2 - 5*o + 8. Calculate f(j).
-16
Let i(d) be the first derivative of -d**5/120 - d**4/8 + 2*d**3/3 - 11. Let p(f) be the third derivative of i(f). Let g be 0 - (1 + 4)/1. Calculate p(g).
2
Let m(h) = -2*h - 9. Let q be m(-6). Suppose -3 + 9 = q*g. Let k = g - 7. Let l(f) = -f**2 - 6*f - 1. What is l(k)?
4
Let d(l) be the first derivative of 0*l**2 + 3 - 1/4*l**4 + 2*l**3 + 7*l. Let t be 15/10*-2 - -9. Determine d(t).
7
Let c(k) = -k**2 - 11*k + 1. Let f = -38 - 37. Let a be f/7 + (-6)/21. What is c(a)?
1
Let z(u) = -15*u + 3. Let q(m) = -8*m + 2. Let o(a) = 5*q(a) - 3*z(a). Let c = -16 - -9. Let g be 7/(-2)*2/c. Calculate o(g).
6
Let y(l) be the second derivative of l**3/3 + 9*l**2/2 + 83*l - 1. Give y(0).
9
Suppose -3*t = 2*g - 20, 29 = -2*t + 6*t + 5*g. Let d(m) = -7*m**3 + m**2 - 6*m. Let a(n) = n**3 - n**2 + n - 1. Let i(b) = t*a(b) + d(b). Give i(-5).
-6
Suppose -4*f = 3*t - 14, 0*t = -2*t - f + 1. Let w be ((-10)/(-4))/((-1)/t). Let r(j) = -j**2 - w - 3*j**2 + 0*j**3 - 3*j**3 + 2*j**3 - j. What is r(-4)?
-1
Let f(u) = -10*u - 1. Suppose 0 = 249*s - 254*s + 10. What is f(s)?
-21
Suppose -4*g - 11 = 3*l, -2*g - 2*g = -5*l + 35. Let n(s) = -s**2 + 3. Calculate n(l).
-6
Let a(t) = 2*t**3 + 5*t**2 - 13*t - 3. Let q be a(-4). Let c(s) = 9*s - 1. Calculate c(q).
8
Let h(f) = f + 16. Let n be h(8). Let q(i) = 1 - n*i + 7*i + 16*i. Give q(3).
-2
Let w(i) = i**3 + 5*i**2 + 3*i - 2. Let q be w(-4). Let n be (-5)/((-7)/(21/5)). Let t(x) = 11*x**2 - 20*x**n - 3 + 18*x**3 - 9*x**2 + 2*x. Determine t(q).
-7
Suppose -5*d + 19 + 1 = 0. Suppose -5*s + 7 + 3 = 5*f, 0 = -d*f + 5*s + 17. Let r(w) = -w**2 + 2*w - 6. Let m(g) = -1. Let o(b) = -5*m(b) + r(b). Give o(f).
-4
Let g(j) = -j**2 - 4*j + 2. Let m(u) = -4*u**2 - 17*u + 9. Let c(b) = -18*g(b) + 4*m(b). Let y(w) = w**3 - 5*w**2 + w + 9. Let f be y(4). Calculate c(f).
6
Suppose -3*l - 34 = -5*q, 0*l + 5*q = -2*l + 19. Suppose 6*v - 2*v - 8 = 0. Let c(z) = z**3 + 0*z**3 + 3*z**v + 0*z**2 + 1. What is c(l)?
1
Let z(l) be the second derivative of -5*l**3/6 - 7*l. Let t(g) = -9*g + 1. Let h(a) = 6*t(a) - 11*z(a). Give h(0).
6
Let d(x) = x**3 + 6*x**2 - 6*x + 3. Let q(l) = -125*l + 243. Let h be q(2). Determine d(h).
-4
Let s(d) = d**3 + 7*d**2 + 15*d + 6. Let x be s(-4). Let t(w) = -w + 5. Give t(x).
11
Let y be 58/3 - 24/18. Suppose 0 = 2*t + 7*t + y. Let v(j) = 12*j + 2. Give v(t).
-22
Let a(b) = b**2 - 5*b + 4. Let k be (7/(-2))/(12/(-24)). Suppose -k*y - 6*y = -52. Determine a(y).
0
Suppose 0 = -2*j - 3*s + 34 - 5, 65 = 4*j - s. Let h(f) = -f**2 + 18*f - 22. What is h(j)?
10
Let k(w) = w - 6. Suppose -3*g = 3*f - 21, -2*g + 2*f + 7 = -15. Give k(g).
3
Let t be (6/(-4) - -1)*-14. Let l(h) be the third derivative of -h**4/24 - 5*h**3/3 - h**2 + 7. Determine l(t).
-17
Let k(z) = z + 1. Let p = -144 + 149. Calculate k(p).
6
Let u = -1590 - -1574. Let f(p) = p**3 + 16*p**2 + p + 4. Give f(u).
-12
Let w(h) be the third derivative of h**5/60 + h**4/8 + h**3/2 + 32*h**2. Calculate w(-1).
1
Let k(o) = -o**3 - 20*o**2 - 12*o - 21. Let z(x) = -x**3 - 13*x**2 - 8*x - 14. Let j(g) = 5*k(g) - 7*z(g). Calculate j(5).
-2
Let o(i) = 2*i**2 + 5*i - 3. Let z = 177 + -181. What is o(z)?
9
Let w(y) = -3 - y + 1 + 1. Let z(d) = d + 3*d - d**2 + d**2 - 2 - 2*d**2 + d**3. Let u be z(2). Calculate w(u).
-7
Let n(j) = -5*j. Let f(i) = -i**2 - 13*i. Let z be f(-17). Let w = -67 - z. Determine n(w).
-5
Let q(w) be the second derivative of 0 + 1/2*w**4 - w + 1/20*w**5 - 3/2*w**2 + 1/2*w**3. Determine q(-6).
-21
Suppose d - 1 = 1. Let s(q) be the third derivative of -q**4/6 - 158*q**2 + 4. Determine s(d).
-8
Let s(m) = -m**2 - 5*m + 6. Let u be s(-5). Let b(f) = 11*f + 3*f - 22*f + 4*f + 3*f. Determine b(u).
-6
Let h(u) = -11*u**3 - u**2 + 2*u - 2. Let f be (3/15)/(((-18)/(-2))/45). What is h(f)?
-12
Let m(x) = x**3 + 4 - 2 - 4*x + 5*x**2 - 3*x. Let a = 1691 + -1697. What is m(a)?
8
Let g(h) = 0*h - 2*h + 0*h + 6*h**3 + 3*h. Let x(w) = -w**3 + 13*w**2 - 22*w + 1. Let z be x(11). Determine g(z).
7
Let s(q) = 2*q + 20. Let w be 114/(-15) + (-72)/180. Calculate s(w).
4
Suppose 2*h = 4*l - 2